
Does 129 divide 87075?
True
Is 890256 a multiple of 8?
True
Does 553 divide 529475?
False
Does 32 divide 21785?
False
Is 113 a factor of 379341?
True
Is 17548 a multiple of 4?
True
Is 183644 a multiple of 18?
False
Does 156 divide 868920?
True
Does 55 divide 137665?
True
Is 21 a factor of 31257?
False
Is 38791 a multiple of 130?
False
Does 147 divide 419296?
False
Is 57822 a multiple of 4?
False
Is 195707 a multiple of 70?
False
Is 102548 a multiple of 204?
False
Is 217 a factor of 704165?
True
Is 12 a factor of 3261274?
False
Is 4 a factor of 100687?
False
Does 5 divide 2200540?
True
Is 147 a factor of 895965?
True
Is 24 a factor of 23232?
True
Is 286089 a multiple of 141?
True
Does 353 divide 1441694?
False
Is 911 a factor of 7757579?
False
Does 146 divide 1959612?
True
Is 5892546 a multiple of 254?
True
Is 78 a factor of 885222?
True
Is 8165564 a multiple of 57?
False
Is 3322646 a multiple of 8?
False
Is 116654 a multiple of 73?
True
Is 92887 a multiple of 29?
True
Is 493 a factor of 504422?
False
Is 36 a factor of 3632619?
False
Is 385 a factor of 549780?
True
Is 41 a factor of 39298?
False
Does 30 divide 60240?
True
Does 20 divide 175551?
False
Is 761 a factor of 1790633?
True
Does 19 divide 1066774?
True
Is 551370 a multiple of 146?
False
Is 209496 a multiple of 129?
True
Is 1388404 a multiple of 38?
False
Is 449736 a multiple of 14?
True
Is 690 a factor of 1280115?
False
Is 17 a factor of 10507?
False
Is 1342 a factor of 24761426?
False
Is 201 a factor of 1923168?
True
Is 186 a factor of 987660?
True
Does 179 divide 161816?
True
Is 1194846 a multiple of 97?
True
Does 247 divide 149807?
False
Is 23712 a multiple of 48?
True
Does 51 divide 1591506?
True
Is 497260 a multiple of 441?
False
Does 249 divide 3721328?
False
Is 124 a factor of 251279?
False
Is 6692256 a multiple of 19?
True
Does 9 divide 74477?
False
Is 636939 a multiple of 17?
True
Does 6 divide 176159?
False
Is 400087 a multiple of 23?
False
Is 33 a factor of 178398?
True
Is 143532 a multiple of 443?
True
Does 4 divide 607872?
True
Is 338348 a multiple of 502?
True
Is 1168308 a multiple of 8?
False
Does 5 divide 18217?
False
Does 15 divide 5627610?
True
Is 477 a factor of 7827711?
False
Does 95 divide 9441955?
True
Does 21 divide 3756060?
True
Is 121 a factor of 57475?
True
Is 19862 a multiple of 6?
False
Is 16 a factor of 1837968?
True
Is 40 a factor of 126013?
False
Does 554 divide 1167832?
True
Is 36 a factor of 9722448?
True
Is 80 a factor of 26346566?
False
Is 566 a factor of 189049?
False
Is 5179016 a multiple of 825?
False
Is 1397284 a multiple of 13?
False
Is 32 a factor of 649950?
False
Does 194 divide 2666696?
False
Is 213 a factor of 154599?
False
Is 3308364 a multiple of 18?
True
Does 11 divide 160567?
True
Does 89 divide 1142123?
False
Is 60 a factor of 6147357?
False
Does 438 divide 21488026?
False
Is 8237680 a multiple of 1012?
True
Does 99 divide 1914226?
False
Does 2 divide 564622?
True
Is 322094 a multiple of 292?
False
Is 31 a factor of 28117?
True
Is 12 a factor of 13070761?
False
Is 289114 a multiple of 16?
False
Does 170 divide 4648215?
False
Is 5 a factor of 11678?
False
Does 362 divide 62813?
False
Is 30 a factor of 261659?
False
Is 13 a factor of 1357873?
False
Is 544082 a multiple of 77?
True
Is 128844 a multiple of 54?
True
Is 1277134 a multiple of 231?
False
Does 436 divide 652906?
False
Does 45 divide 29424?
False
Is 219 a factor of 191406?
True
Does 62 divide 57474?
True
Is 680652 a multiple of 36?
True
Is 17 a factor of 21439142?
True
Is 9 a factor of 104013?
True
Does 18 divide 639468?
True
Is 9259993 a multiple of 28?
False
Is 767 a factor of 12718465?
False
Is 10 a factor of 1047975?
False
Does 11 divide 21032?
True
Is 117975 a multiple of 65?
True
Is 35 a factor of 5145?
True
Does 863 divide 901835?
True
Is 30 a factor of 1701124?
False
Is 58 a factor of 4789698?
True
Does 48 divide 1637328?
True
Is 74 a factor of 11174?
True
Is 9 a factor of 25515?
True
Is 129647 a multiple of 96?
False
Does 4 divide 1579591?
False
Is 93 a factor of 364095?
True
Is 830300 even?
True
Is 5657472 a multiple of 25?
False
Is 3506750 a multiple of 169?
True
Is 22 a factor of 2367724?
False
Does 437 divide 94392?
True
Is 542366 a multiple of 11?
True
Is 238392 a multiple of 6?
True
Is 173692 a multiple of 15?
False
Does 4 divide 94267?
False
Is 151 a factor of 64083?
False
Is 29889 a multiple of 369?
True
Is 94 a factor of 85728?
True
Is 89304 a multiple of 24?
True
Is 810265 a multiple of 15?
False
Does 17 divide 6593650?
False
Does 68 divide 5943994?
False
Is 1489600 a multiple of 70?
True
Is 80 a factor of 34618?
False
Is 8651 a multiple of 6?
False
Does 9 divide 20565?
True
Is 125208 a multiple of 111?
True
Is 1071504 a multiple of 63?
True
Is 324 a factor of 3498876?
True
Is 712032 a multiple of 24?
True
Does 15 divide 2036?
False
Does 3 divide 1586604?
True
Is 10 a factor of 4434644?
False
Is 17 a factor of 14960?
True
Is 11283668 a multiple of 638?
True
Is 11391182 a multiple of 121?
True
Is 226583 a multiple of 100?
False
Does 17 divide 588829?
True
Does 602 divide 90333?
False
Is 127933 a multiple of 157?
False
Is 680412 a multiple of 4?
True
Is 89 a factor of 137655?
False
Is 351 a factor of 1232438?
False
Is 90216 a multiple of 24?
True
Is 1184847 a multiple of 25?
False
Does 12 divide 279636?
True
Does 852 divide 431548?
False
Does 33 divide 14448291?
True
Is 3562678 a multiple of 526?
False
Is 158 a factor of 1327042?
True
Is 316 a factor of 80580?
True
Is 178 a factor of 17370486?
True
Is 280368 a multiple of 16?
True
Is 521324 a multiple of 19?
False
Is 2388732 a multiple of 12?
True
Does 53 divide 255247?
False
Is 76 a factor of 8221908?
True
Is 478329 a multiple of 51?
True
Is 521968 a multiple of 630?
False
Is 284 a factor of 105364?
True
Does 11 divide 255772?
True
Does 302 divide 55363?
False
Is 573206 a multiple of 733?
True
Is 3603840 a multiple of 384?
True
Is 7 a factor of 38868?
False
Does 40 divide 2389920?
True
Is 299405 a multiple of 247?
False
Is 407 a factor of 546194?
True
Does 348 divide 473280?
True
Is 53248 a multiple of 16?
True
Does 122 divide 46768?
False
Does 12 divide 13335?
False
Does 472 divide 59472?
True
Is 552268 a multiple of 101?
True
Does 5 divide 1070275?
True
Does 116 divide 2117681?
False
Does 653 divide 9865016?
False
Is 366870 a multiple of 18?
False
Does 7 divide 32487?
True
Does 30 divide 6245250?
True
Is 14325136 a multiple of 536?
True
Is 1380692 a multiple of 403?
False
Is 74888 a multiple of 5?
False
Does 564 divide 46812?
True
Is 2 a factor of 497272?
True
Does 38 divide 23826?
True
Does 23 divide 11849?
False
Is 356642 a multiple of 286?
True
Is 7606599 a multiple of 1001?
True
Is 1296438 a multiple of 143?
True
Does 45 divide 3326355?
True
Is 2049300 a multiple of 1518?
True
Is 10 a factor of 153970?
True
Is 453 a factor of 568515?
True
Does 33 divide 20374?
False
Does 116 divide 150220?
True
Is 377 a factor of 3768673?
False
Is 57057 a multiple of 247?
True
Is 189288 a multiple of 24?
True
Is 66 a factor of 973349?
False
Does 191 divide 83085?
True
Is 30 a factor of 5535851?
False
Is 105237 a multiple of 99?
True
Does 26 divide 57216?
False
Is 30 a factor of 37186?
False
Is 34 a factor of 3673360?
True
Is 379374 a multiple of 309?
False
Does 411 divide 144261?
True
Is 118590 a multiple of 30?
True
Does 21 divide 310884?
True
Does 76 divide 609261?
False
Is 185 a factor of 7730687?
False
Does 34 divide 9732704?
True
Is 16144 a multiple of 16?
True
Is 6 a factor of 8032490?
False
Is 114 a factor of 206819?
False
Is 6 a factor of 3304707?
False
Does 84 divide 246214?
False
Is 43 even?
False
Is 1121470 a multiple of 74?
True
Is 128 a factor of 1408000?
True
Is 2404718 a multiple of 3?
False
Is 284 a factor of 646100?
True
Is 27 a factor of 422668?
False
Does 26 divide 3739737?
False
Is 27499 a multiple of 6?
False
Is 624582 a multiple of 63?
True
Does 64 divide 1661696?
True
Is 9642 a multiple of 2?
True
Is 159 a factor of 354252?
True
Is 1688445 a multiple of 23?
False
Does 14 divide 113974?
True
Is 366369 a multiple of 203?
False
Does 704 divide 259484?
False
Does 151 divide 829367?
False
Is 68024 a multiple of 18?
False
Is 11 a factor of 4075472?
False
Is 26 a factor of 1340324?
False
Is 179 a facto